 323 - 73. Calculate the highest common factor of l and g.
25
Suppose 4*w - 23 = 41. Suppose -i = 4*i - 560. What is the greatest common divisor of w and i?
16
Suppose 0 = s + 3*k - 55, 3*s = 7*s - k - 207. Let p = 33 + -20. What is the highest common divisor of p and s?
13
Let m = 759 - 521. Calculate the greatest common factor of 14 and m.
14
Let w = -23 - -83. Let s = -1 - -13. What is the greatest common factor of w and s?
12
Let q be 2/9 - 25/(-9). Suppose 2*v = -3*s - 50, -q*s = -2*s - 3*v + 35. Let f = s - -70. What is the greatest common divisor of f and 20?
10
Let a be -3*(-5)/(-30)*-30. Let h = 233 + -113. Calculate the highest common divisor of a and h.
15
Suppose 0 = 2*y - 3*y + 26. Suppose 0 = -w + 116 - 14. Suppose -w = -3*c + 5*g, g + 86 = -4*c + 245. What is the highest common factor of c and y?
13
Suppose 3*b + 2*h = -2*h + 17, -5*h + 10 = 0. Let n = -1 + 3. Let s = b - n. Calculate the greatest common divisor of 5 and s.
1
Let w = 17 - 15. Suppose 0 = -4*a + 4, w*a = p + 6*a - 88. What is the greatest common factor of p and 12?
12
Let t = -3 + 23. What is the highest common factor of 10 and t?
10
Let f(o) = o + 2. Let a be f(0). Let u be (-187)/(-3) - a/(-3). Let q be (-3)/1*(19/(-3) + 4). What is the highest common divisor of q and u?
7
Let q be (-15)/(-2)*88/66. What is the greatest common divisor of 35 and q?
5
Let d(h) = h**2 - 3*h - 14. Let i(q) = q**2 - 20*q + 7. Let j be i(20). Let t be d(j). What is the highest common divisor of t and 2?
2
Suppose 294 + 18 = 5*s - 3*g, -5*s = 3*g - 318. Suppose 0 = -0*h + h - s. What is the greatest common factor of 9 and h?
9
Let y(w) = w**3 - 4*w**2 - 3*w - 14. Let k be y(6). Calculate the greatest common factor of 5 and k.
5
Let k = 79 + -51. What is the highest common divisor of k and 42?
14
Let k = 13 + -8. Suppose 4*g = -2*r + 4, 0*r = 4*g - 5*r - 32. Suppose -g*c + 71 = -4. Calculate the greatest common divisor of c and k.
5
Let z(p) = p**3 - 14*p**2 + 34. Let f be z(14). What is the highest common factor of f and 102?
34
Let c = -2 + 2. Let k = -2 + c. Let j be (-39)/k - (-3)/6. What is the greatest common divisor of j and 8?
4
Let r = -3 - -11. Calculate the greatest common divisor of 32 and r.
8
Let y(s) = s**2 + 7*s + 4. Let p be y(-7). Let m be 6/7*(p + 3). Calculate the greatest common divisor of 3 and m.
3
Let z(b) = b**2 + 11*b - 5. Let q be z(-12). Let f be q/(-1) - -3 - -2. Let w be f*9/(-6) + 12. What is the highest common divisor of 120 and w?
15
Suppose -14 - 2 = -j. What is the greatest common divisor of 144 and j?
16
Suppose 0 = -4*n + q + 137, 2*n + 2*q = q + 73. Let i be 2/(-7) - 37/(-7). Calculate the highest common divisor of i and n.
5
Let b be (-252)/(-70)*20/6. What is the highest common divisor of 3 and b?
3
Let i be (-3)/((1 + -2)/6). Let q = -17 + 26. Let b = i - q. What is the greatest common divisor of 1 and b?
1
Let r be (-70)/(-3)*(-891)/(-45). What is the greatest common factor of r and 42?
42
Let g be (-1)/2*4 - -35. Let a = 36 + g. Calculate the highest common factor of a and 46.
23
Let o be ((-4)/(-10))/(4/(-40)). Let k(h) = -h**3 - 4*h**2 - 4*h - 1. Let m be k(o). Calculate the highest common factor of 5 and m.
5
Suppose 2 = q + 3*o - 1, 0 = 5*q - o - 15. Suppose 0*g = -q*g + 9. Suppose k + g = 2, -m - 2*k + 4 = 0. Calculate the highest common divisor of m and 48.
6
Suppose -5*s + 43 = -3*a, -s = -3*a - 0 - 11. Let z(w) = 24*w + 6. Let f be z(s). Calculate the highest common factor of f and 22.
22
Let w be -3 - (-2 + 2) - -47. Calculate the greatest common factor of w and 11.
11
Suppose 2*p - m + 184 = 5*p, 5*m = -3*p + 164. Let n = p - 18. Calculate the greatest common factor of 15 and n.
15
Suppose -u = 2, 5*r - 933 = u - 2*u. Suppose -3*h = n - 102, 5*h - 7*n - r = -3*n. Calculate the highest common factor of h and 7.
7
Suppose 0 = 2*c, -4*u + 80 = 2*c - 6*c. Suppose -5*s = 4*g - 890, -6*s = 3*g - 3*s - 666. Calculate the greatest common factor of u and g.
20
Let h(t) = 6*t - 4. Let g be h(4). Let p = 38 - 24. Let q = g - p. Calculate the highest common factor of q and 42.
6
Let r = -12 + 28. Calculate the highest common divisor of r and 80.
16
Suppose 7*k = 2*k + 60. What is the highest common divisor of k and 3?
3
Let s(x) = x**2 + 3. Let o be s(0). Suppose o*b - 40 = b. Let d(k) = k**3 - 2*k + 1. Let c be d(2). What is the highest common factor of c and b?
5
Let c = -155 + 156. Calculate the highest common factor of c and 4.
1
Let y be -1 + 1 + -3 + -6. Let m be (-542)/y - (-12)/(-54). What is the greatest common factor of 10 and m?
10
Suppose -v - 11 = -0*v. Let c be 1 - 2/(-1) - v. What is the highest common divisor of c and 70?
14
Let i = 43 - 16. What is the highest common factor of i and 81?
27
Let o(m) = -5*m - 1. Let a be o(-1). Suppose 2*w = a*p + 76, -50 - 134 = -5*w + 4*p. What is the greatest common factor of w and 24?
12
Let c(o) = 25*o**3 - o**2. Let j be c(1). Let k be ((-48)/30)/((-6)/(-45)). Let p be (-3)/k - (-23)/4. What is the highest common factor of j and p?
6
Let v(o) = -o**3 - 8*o**2 - 18*o - 4. Let b be v(-6). Let t be (-2 - (-10)/3)*3. Calculate the highest common divisor of b and t.
4
Suppose -3*n = v - 95, 7*n = 2*n + 2*v + 140. Let w(z) = 3*z**2. Let c be w(5). What is the highest common divisor of c and n?
15
Suppose -7 - 9 = -x. Let q = 56 - 32. Calculate the highest common factor of x and q.
8
Let q be (-966)/(-70) + (-2)/(-10). Let x(y) = -y**2 - 9*y + 3. Let t be x(-6). Calculate the highest common divisor of t and q.
7
Let b = -11 + 19. Let v be 1 - (-1 - 40) - -2. Suppose 0 = 4*k - g - 36, 3*k - g = -16 + v. Calculate the greatest common factor of b and k.
8
Suppose -4*z = -z - 63. Suppose u - 3*j + z = 4*u, -3*u = -3*j - 45. Let p = 23 - u. Calculate the highest common factor of 18 and p.
6
Suppose 14*o - 35 = 9*o. Calculate the greatest common divisor of 49 and o.
7
Suppose 0 = -5*i + 10*i - 100. Suppose 4 = p - 46. Calculate the highest common factor of i and p.
10
Let j = -13 - -31. Calculate the greatest common factor of 27 and j.
9
Let u = 366 - 226. What is the greatest common factor of u and 20?
20
Let s(u) = 1 - 8*u - 1 - u**2. Let o be s(-8). Suppose 0 = -3*w + 2*v + 5, 5*w = 3*v - o + 9. Calculate the greatest common divisor of 2 and w.
1
Let a be ((-318)/4)/((-6)/16). Suppose -2*g - 2*k = -a, g + 118 = 2*g - 5*k. What is the greatest common divisor of g and 12?
12
Let b = -19 - -59. Suppose 2*d - 7 = -u, 3*d + 2*u - 3 = 7. Suppose f + o = 10, -2*f + d*o = 1 - 21. What is the greatest common factor of f and b?
10
Let a = 45 - 32. Let y = -8 + a. What is the highest common factor of 5 and y?
5
Let h = 83 + -57. Calculate the greatest common divisor of 26 and h.
26
Let y(n) = n - 4. Let w be y(7). What is the highest common divisor of 33 and w?
3
Suppose -2*u + 3*b - 2 = -17, 0 = -4*b + 4. What is the highest common factor of u and 9?
9
Let l = 1231 + -993. Let k be (2/3)/((-2)/(-102)). What is the highest common divisor of l and k?
34
Let q(a) = 3*a. Let l be q(4). Let f be l/10*(-30)/(-9). Suppose 2*n - 72 = 2*m + 58, f*m - 316 = -5*n. What is the highest common factor of n and 8?
8
Let p(b) = -b**3 - 12*b**2 - 16*b - 7. Let a(l) = l**2 + l - 1. Let c(v) = -a(v) + p(v). Let j be c(-12). What is the highest common divisor of 9 and j?
9
Let z(x) = x**3 - 2*x**2 - 10*x + 6. Let h be z(6). Calculate the greatest common divisor of 10 and h.
10
Let g(t) = -t**3 + 3 + t**2 + 3*t**2 + 6 - 4. Let m be g(4). Suppose -m*o + 391 = -9. Calculate the highest common divisor of o and 20.
20
Let w(v) = 6*v**2 - v - 7. Let p be w(3). Calculate the highest common divisor of p and 44.
44
Let o(u) = -u**3 + 12*u**2 + 32*u - 5. Let z be o(13). What is the highest common factor of 22 and z?
22
Let h be 1 - (4 - 4 - 8). Calculate the highest common factor of 72 and h.
9
Suppose 2*b - 32 + 6 = 0. What is the highest common divisor of b and 117?
13
Let w be (-8 - -5)/((-3)/(-2)) - -12. What is the highest common factor of w and 4?
2
Suppose -5*t = -3 - 7. Suppose -t + 1 = -n. Let f be (1/n)/(2/6). What is the greatest common divisor of f and 12?
3
Suppose 28 = -8*h + 10*h. What is the greatest common divisor of h and 63?
7
Let t = 6 + 36. Let z = -3 - -3. Suppose z*m = 3*m - 18. Calculate the greatest common divis